se -b*z - 3 + 9 = 0. Let n(k) = -k**3 + k**2 - k. Determine n(z).
-6
Let d(f) = -f + 98 - 93 + 0*f. Give d(-4).
9
Let f(a) = a**2 - 4. Let l be f(-3). Let t(z) = -z**2 - 6*z - 5. Let p(b) = -4*b**2 - 19*b - 16. Let q(s) = 2*p(s) - 7*t(s). Calculate q(l).
-2
Suppose 12 - 20 = -2*d. Let m(c) = c**2 - 4*c - 1. Calculate m(d).
-1
Suppose 0 = 3*f - 3*o + 12, 5*f = -3*o + 9 + 11. Let r(j) = -f - 5*j - j + j. Determine r(1).
-6
Let l be -1*2 - (6 + -14). Let g(k) = -k**3 + 5*k**2 + 8*k - 5. Determine g(l).
7
Let k(m) = m**2 - m + 1. Let a(w) = 3*w**2 + 6*w - 6. Let s(r) = a(r) + 5*k(r). Calculate s(1).
8
Suppose 0 = -5*q - 12 + 82. Let o be 4/q + (-66)/(-14). Let v(p) = -6*p**2 - o + 3 + 4*p + 5*p**2. Determine v(4).
-2
Let t(g) be the first derivative of g**4/4 - g**3/3 + g**2/2 - 2. Let s(h) = 3*h**3 - 8*h**2 + 10*h. Let j(v) = -s(v) + 4*t(v). Give j(-5).
5
Let m(f) = -f**2 + 6*f + 2. Let u be m(3). Let q be 136/22 - 2/u. Let d(l) = l**3 - 6*l**2 + l - 7. Give d(q).
-1
Let p = -25 - -48. Let l(b) = -1 - 5*b**2 - p*b + 23*b. Determine l(1).
-6
Let o(w) = -2*w**2 + 8 - w - 4*w - 3*w. Let i(q) be the first derivative of q**3/3 + 7*q**2/2 - 7*q - 2. Let j(p) = 3*i(p) + 2*o(p). Give j(4).
-1
Let h = 6 + -3. Let v(p) be the third derivative of -p**5/60 + p**4/8 - p**3/3 + 2*p**2. Give v(h).
-2
Let h(d) be the third derivative of 3*d**5/20 + d**3/6 - 2*d**2. What is h(1)?
10
Let i(s) = s**3 + s - 1. Let p(g) = 3*g**2 - 4 - 3*g**3 - 10*g + 5 + g**2. Let n(a) = -4*i(a) - p(a). Let l = -7 - -2. What is n(l)?
-2
Let x = -6 + 6. Let f(z) = z**3 + z**2 + z + 6. Calculate f(x).
6
Suppose -p = -3*d + 2, -2*d - 4 = -3*d - 3*p. Let i(y) = -6*y**2 - y + 0*y**2 - d + y. Determine i(1).
-7
Suppose 0*l - 10 = 2*j - l, -3*l - 10 = 2*j. Let d(q) be the first derivative of -q**4/4 - 5*q**3/3 + q**2/2 - q + 8. Give d(j).
-6
Let q(f) = f**3 + 2*f**2 + 3*f + 4. Suppose 3*n = 2*c + 41, -3*n + 47 = -2*c + 3*c. Suppose 2*t + n = -3*t. Determine q(t).
-14
Let b be ((-16)/(-48))/(1/9). Let d(h) = h**3 - 4*h**2 - h + 3. Give d(b).
-9
Let t(d) be the second derivative of -d**3/6 - d**2 - 2*d. Suppose 3*x - 17 - 13 = 3*f, -30 = f - 5*x. Determine t(f).
3
Let n(p) = -2*p - 2. Let i(d) = -2*d**2 + 2*d. Let b be i(2). Give n(b).
6
Let n(o) = 6 - 9*o - 5 - 3. Calculate n(-2).
16
Let z(a) be the first derivative of 5*a**3/3 - a - 7. Determine z(1).
4
Let i(n) = 3*n - 14. Let a be i(3). Let p(d) = -d**2 - 4*d + 5. Calculate p(a).
0
Let a be (4 - 1)*(-5)/(-3). Suppose -3*x - a = 3*g - g, 0 = g - x - 5. Suppose 12 = -4*h + g*h. Let m(t) = -t**2 - 8*t - 7. Give m(h).
5
Suppose 2*v - 3*i = -2*v + 5, -4*v - 10 = 2*i. Let b be (-2)/(2/1) - -2. Let p(d) = -4*d**3 + 2*d + 2*d**2 - 2*d - b. What is p(v)?
5
Let t(g) = 4*g**2 + 11*g - 3. Let f(i) = 5*i**2 + 12*i - 2. Let y(d) = 3*f(d) - 4*t(d). Determine y(-9).
-3
Let t(c) = c**3 + 13*c**2 - 13*c + 16. Let i be t(-14). Let z(w) be the first derivative of w - 2 - 2/3*w**3 - w**i. What is z(1)?
-3
Suppose 0 = -a - 4*n - 19, 3*n + 16 - 4 = 0. Let p(x) = -x**3 - x. Let l(z) = -4*z**3 + 4*z**2 - 3*z - 2. Let f(b) = l(b) - 5*p(b). Give f(a).
1
Suppose 10*l - 2 = 8*l. Suppose 4*n = 3*n - l. Let t(j) = -6*j**3 + j**2. Determine t(n).
7
Let u(y) = y**2 + 2*y + 2. Let f(c) = -c - 14. Let s(n) = n**3 + 6*n**2 + 8*n + 4. Let o be s(-5). Let v be (-1 + 2)*o/1. Let a be f(v). What is u(a)?
5
Suppose 2*q + 3*q = 30. Suppose y - q = -3*n + 16, -y - 14 = -3*n. Let u(v) = -v**2 + 5*v + 1. Calculate u(n).
-5
Let f(l) = 0*l - 8*l + 6 + 5*l. Give f(4).
-6
Let u(j) be the third derivative of -j**5/60 + j**4/6 + j**3 + 43*j**2. What is u(7)?
-15
Let q(y) = -16 + 0*y - 3*y + 2*y + 9. What is q(0)?
-7
Let p(d) = d**2 + 5*d. Let z be p(-7). Let u = 14 - z. Let c(y) = -6*y + 1. Let k(v) = -v. Let q(j) = 2*c(j) - 11*k(j). Give q(u).
2
Let y(z) = -z**3 - 5*z**2 + 7*z. Suppose 4*n = -2*f + n, -34 = 3*f - 4*n. Let s be y(f). Let b(k) = -k**3 - 5*k**2 + 5*k. Determine b(s).
6
Let j = -2 - -2. Suppose 5*v + 1 - 11 = j. Let b(d) = -2*d**v + d**3 - 2*d**2 + 2*d + 0*d + 2. Give b(3).
-1
Let w(b) be the second derivative of b**3/6 - 13*b**2/2 + 2*b. Let v be w(11). Let a(l) = -2*l**2 - 2*l + 2. Give a(v).
-2
Suppose 4*f - 10 = 2. Suppose f*c - 9 = 3*k, 0*k + 12 = -4*k. Suppose c = 4*r - 3*r. Let u(h) = h**3 - h**2 - h - 6. Give u(r).
-6
Let p(d) = -4 + d**2 + 4 - 6*d + 6. Let l = 23 + -11. Suppose 2*o - l = -0*o - w, 3*w + 4 = 2*o. Determine p(o).
1
Let y(u) = -7*u**2 - u. Suppose 4*r - 20 = 4*m + 4, 3*m + 12 = -3*r. Give y(r).
-8
Suppose -4*v + 5*c = 4 - 12, 5*c - 4 = -2*v. Let q(g) be the second derivative of -g**5/20 + g**4/4 + g**2 + 39*g. Determine q(v).
6
Suppose 5*a + 1 + 13 = -2*m, 2 = -a. Let i(q) = 3*q + 2. Let u(d) = -d. Let f(j) = m*u(j) - i(j). Suppose 8*c - 1341 = -1381. Calculate f(c).
3
Let x(b) = -b - 2. Let t be (24/(-20))/(4/(-10)). Suppose t*o = o. Determine x(o).
-2
Let l(r) = r**2 - 3*r - 1. Let k be (10/6)/(3/(-9)). Let y = 3 - 7. Let a(j) = -j**2 + 3*j + 1. Let w(b) = k*a(b) + y*l(b). What is w(5)?
9
Let f(o) = -o - 2. Let j(r) = r - 2. Let y be j(4). Let n be y + (-13 - (0 - 4)). What is f(n)?
5
Let n(b) be the third derivative of 0 + 0*b + 1/2*b**3 - 1/24*b**4 - 2*b**2. Let c be ((-3)/(-2))/((-3)/(-8)). Give n(c).
-1
Let h(v) = 7*v. Suppose -2*o - 3*b = 11, -3*o - 1 = -3*b - 7. Let w be 3 + o + -1 + 1. Calculate h(w).
14
Let y(w) = w**2 + 20. Let g be -1 + (14/18 - 8/(-36)). What is y(g)?
20
Let n = -7 + 10. Let y(b) = -16*b - 2 + 39*b - 7*b - 14*b. Calculate y(n).
4
Let b(q) = 5*q**3 - 5*q**2 + 2. Let y(g) = -14*g**3 + 15*g**2 - 7. Suppose -2*p = 3*p + 25. Let h = p + 16. Let n(c) = h*b(c) + 4*y(c). Determine n(5).
-6
Let f(g) = -16*g**2 - 9*g - 7. Let h(u) = 24*u**2 + 14*u + 11. Let k(l) = 8*f(l) + 5*h(l). Suppose 0*b + 1 = -b. What is k(b)?
-7
Let c(f) = -2*f + 1. Let j(z) = 2*z**3 - 6*z**2 - 7*z - 1. Let s be j(4). Give c(s).
-5
Let n(l) = l**3 + l**2 + 2*l - 7. Let d(r) = r - 3. Let f(k) = 5*d(k) - 2*n(k). What is f(-2)?
5
Let x(t) = -t + 1. Let m(g) = -2*g**2 - g - 1. Let y(a) = -m(a) + 6*x(a). Let h(b) = -7*b + 3*b**2 + 20 - 47 + 38. Let i(s) = -5*h(s) + 8*y(s). What is i(4)?
-3
Let y(x) = 148 - 2*x**3 - 7*x**2 - 140 + x**3 + x + 2*x**3. Determine y(7).
15
Let l = 12 - 10. Suppose 6*s = l*s - 16. Let f(y) = y**2 + 5*y + 2. Determine f(s).
-2
Let a(t) = 25*t - 9*t - 6 - 8*t - 7*t. What is a(5)?
-1
Let m be ((-38)/(-19))/(1/4). Let w(x) = -x**2 + 9*x - 9. Give w(m).
-1
Let z(u) = -248 - 2*u + u + 243 + 0*u. Let c be 6 + 1 + -1 - 2. Determine z(c).
-9
Let g(k) be the first derivative of 3*k - 1 - 1/3*k**3 + 2*k**2. Let i be 6 + (-1)/(-1)*-1. Calculate g(i).
-2
Let h(k) = -k**3 + 9*k**2 - 8*k + 4. Let g be h(8). Suppose 0 = -2*j - 0 + 6. Let x(t) = -j*t + t**2 + 3 + 1 - 4*t + 2. What is x(g)?
-6
Let a(w) = w**2 - 2*w - 3. Let z be (-1)/((-2)/6 + 0). Give a(z).
0
Let x(j) = -j**2 - 3*j + 3. Let p(z) = -z**2 - 2*z - 3. Let y be p(-2). Give x(y).
3
Let v(q) be the first derivative of -q**4/4 + 8*q**3/3 - 9*q**2/2 + 9*q - 49. Determine v(6).
27
Suppose j - 3 + 14 = -3*l, 0 = 5*j - 4*l + 17. Let z(n) = 3*n**2 + 5*n - 3. Let s(k) = -4*k**2 - 6*k + 3. Let f(i) = 2*s(i) + 3*z(i). Give f(j).
7
Let t(w) = w - 4. Suppose q = 4*n - 5*n - 6, -4 = -n + 4*q. What is t(n)?
-8
Let h(w) be the second derivative of w**3 + 0 + 1/20*w**5 - 2*w**2 - 1/2*w**4 + 2*w. Let t be 1 - -2*(3 - 1). Calculate h(t).
1
Let s(x) = -x**3 - 10*x**2 - 8*x + 12. Let t = 6 - 15. Calculate s(t).
3
Let g(h) = h**3 - 6*h**2 + 5*h - 5. Let k(u) = -3*u - 2. Let d(l) = -13*l - 9. Let c(q) = -2*d(q) + 9*k(q). Let o be c(-5). Suppose 2*w - o - 5 = 0. Give g(w).
-5
Let h(k) = 0*k**2 + 5*k + 2*k**2 - 2 - 3*k**2. Suppose 0*u - 2*u = -8. Determine h(u).
2
Let j = -178 - -173. Let p(a) = -3*a + 2. Calculate p(j).
17
Let z(i) = -i**3 - 6*i**2 - 7*i - 6. Suppose 6*o = o + 5. Let m be (-2)/(-4)*(9 + o). Let f be (1 + 1)/((-2)/m). Give z(f).
4
Let o(f) = 3 + f - f**2 + 0*f**2 - 2 - 2. Calculate o(0).
-1
Let g(c) = c**3 + 2*c**2 + c - 2. Suppose -4*k + 2*u = 4, -4*k - k - 3 = -3*u. Give g(k).
-14
Let b = -6 - -16. Let o(x) = -1 - 6*x - x**3 - x + b*x + 2*x**2. What is o(3)?
-1
Let y(n) = -2*n**3 - 2*n**2 + n - 1. Let h be y(-2). Let i(d) be the first derivative of -d**2/2 - d + 1. Calculate i(h).
-6
Let m be 